{"id":509,"date":"2025-08-09T19:16:39","date_gmt":"2025-08-09T17:16:39","guid":{"rendered":"https:\/\/youniquecommunication.hu\/?post_type=projekt&#038;p=509"},"modified":"2025-08-09T19:29:54","modified_gmt":"2025-08-09T17:29:54","slug":"esther-kosmetik","status":"publish","type":"projekt","link":"https:\/\/youniquecommunication.hu\/?projekt=esther-kosmetik&lang=de","title":{"rendered":"ESTHER Kosmetik"},"content":{"rendered":"\n<p>Wo nur Premium-Dienstleistungen Platz haben.<\/p>\n\n\n\n<p>Seit mehreren Jahren sind wir Kommunikationspartner von ESTHER Kosmetik und unterst\u00fctzen deren Pr\u00e4senz auf Facebook und Instagram mit Beitr\u00e4gen, Fotos und kreativen Ideen.<\/p>\n\n\n\n<p><a href=\"https:\/\/www.facebook.com\/estherkozmetika\">https:\/\/www.facebook.com\/estherkozmetika<\/a><\/p>\n","protected":false},"featured_media":507,"template":"","meta":{"_acf_changed":false},"categories":[31],"class_list":["post-509","projekt","type-projekt","status-publish","has-post-thumbnail","hentry","category-social-media"],"acf":[],"lang":"de","translations":{"de":509,"hu":506},"pll_sync_post":[],"_links":{"self":[{"href":"https:\/\/youniquecommunication.hu\/index.php?rest_route=\/wp\/v2\/projekt\/509","targetHints":{"allow":["GET"]}}],"collection":[{"href":"https:\/\/youniquecommunication.hu\/index.php?rest_route=\/wp\/v2\/projekt"}],"about":[{"href":"https:\/\/youniquecommunication.hu\/index.php?rest_route=\/wp\/v2\/types\/projekt"}],"wp:featuredmedia":[{"embeddable":true,"href":"https:\/\/youniquecommunication.hu\/index.php?rest_route=\/wp\/v2\/media\/507"}],"wp:attachment":[{"href":"https:\/\/youniquecommunication.hu\/index.php?rest_route=%2Fwp%2Fv2%2Fmedia&parent=509"}],"wp:term":[{"taxonomy":"category","embeddable":true,"href":"https:\/\/youniquecommunication.hu\/index.php?rest_route=%2Fwp%2Fv2%2Fcategories&post=509"}],"curies":[{"name":"wp","href":"https:\/\/api.w.org\/{rel}","templated":true}]}}

<p>Wo nur Premium-Dienstleistungen Platz haben.</p>



<p>Seit mehreren Jahren sind wir Kommunikationspartner von ESTHER Kosmetik und unterstützen deren Präsenz auf Facebook und Instagram mit Beiträgen, Fotos und kreativen Ideen.</p>



<p><a href="https://www.facebook.com/estherkozmetika">https://www.facebook.com/estherkozmetika</a></p>
