{"id":506,"date":"2025-08-09T19:13:02","date_gmt":"2025-08-09T17:13:02","guid":{"rendered":"https:\/\/youniquecommunication.hu\/?post_type=projekt&#038;p=506"},"modified":"2025-08-09T19:30:08","modified_gmt":"2025-08-09T17:30:08","slug":"esther-kozmetika","status":"publish","type":"projekt","link":"https:\/\/youniquecommunication.hu\/?projekt=esther-kozmetika","title":{"rendered":"ESTHER Kozmetika"},"content":{"rendered":"\n<p>Ahol csak a pr\u00e9mium szolg\u00e1ltat\u00e1soknak van helye.<br><br>T\u00f6bb \u00e9ve \u00e1llunk kommunik\u00e1ci\u00f3s partnerk\u00e9nt az ESTHER Kozmetika mellett, \u00edgy Facebook \u00e9s Instagram jelenl\u00e9t\u00e9t bejegyz\u00e9sekkel, fot\u00f3kkal, kreat\u00edv \u00f6tletekkel t\u00e1mogatjuk.<\/p>\n\n\n\n<p><a href=\"https:\/\/www.facebook.com\/estherkozmetika\">https:\/\/www.facebook.com\/estherkozmetika<\/a><\/p>\n","protected":false},"featured_media":507,"template":"","meta":{"_acf_changed":false},"categories":[8],"class_list":["post-506","projekt","type-projekt","status-publish","has-post-thumbnail","hentry","category-social-media"],"acf":[],"lang":"hu","translations":{"hu":506,"de":509},"pll_sync_post":[],"_links":{"self":[{"href":"https:\/\/youniquecommunication.hu\/index.php?rest_route=\/wp\/v2\/projekt\/506","targetHints":{"allow":["GET"]}}],"collection":[{"href":"https:\/\/youniquecommunication.hu\/index.php?rest_route=\/wp\/v2\/projekt"}],"about":[{"href":"https:\/\/youniquecommunication.hu\/index.php?rest_route=\/wp\/v2\/types\/projekt"}],"wp:featuredmedia":[{"embeddable":true,"href":"https:\/\/youniquecommunication.hu\/index.php?rest_route=\/wp\/v2\/media\/507"}],"wp:attachment":[{"href":"https:\/\/youniquecommunication.hu\/index.php?rest_route=%2Fwp%2Fv2%2Fmedia&parent=506"}],"wp:term":[{"taxonomy":"category","embeddable":true,"href":"https:\/\/youniquecommunication.hu\/index.php?rest_route=%2Fwp%2Fv2%2Fcategories&post=506"}],"curies":[{"name":"wp","href":"https:\/\/api.w.org\/{rel}","templated":true}]}}

<p>Ahol csak a prémium szolgáltatásoknak van helye.<br><br>Több éve állunk kommunikációs partnerként az ESTHER Kozmetika mellett, így Facebook és Instagram jelenlétét bejegyzésekkel, fotókkal, kreatív ötletekkel támogatjuk.</p>



<p><a href="https://www.facebook.com/estherkozmetika">https://www.facebook.com/estherkozmetika</a></p>
