{"id":397,"date":"2025-06-27T08:12:54","date_gmt":"2025-06-27T06:12:54","guid":{"rendered":"https:\/\/youniquecommunication.hu\/?post_type=projekt&#038;p=397"},"modified":"2025-07-07T14:48:39","modified_gmt":"2025-07-07T12:48:39","slug":"3-generationen-audi-tt","status":"publish","type":"projekt","link":"https:\/\/youniquecommunication.hu\/?projekt=3-generationen-audi-tt&lang=de","title":{"rendered":"3 Generationen AUDI TT"},"content":{"rendered":"\n<p>Manche Auftr\u00e4ge sind besonders bewegend. 3 Generationen des ikonischen Sportwagens, der zu einem Hungarikum geworden ist und die Identit\u00e4t nicht nur eines Unternehmens, sondern auch einer Stadt \u00fcber viele Jahre gepr\u00e4gt hat.<\/p>\n\n\n\n<p>Filmen auf Fabrikgel\u00e4nde, im Stadtzentrum und au\u00dferhalb der Stadt. Mit authentischen, zivilen Protagonisten, die am Ende des Tages zu Profis wurden. Ein straffes Timing, von der Morgend\u00e4mmerung bis zum w\u00e4rmenden Sonnenuntergang.<\/p>\n\n\n\n<p>Und eine Stimme, die tiefe Gef\u00fchle vermittelt.<\/p>\n\n\n\n<figure class=\"wp-block-video\"><video height=\"1080\" style=\"aspect-ratio: 1920 \/ 1080;\" width=\"1920\" controls src=\"https:\/\/youniquecommunication.hu\/wp-content\/uploads\/2025\/06\/AUDI-TT_3gen_HU.mp4\"><\/video><\/figure>\n","protected":false},"featured_media":327,"template":"","meta":{"_acf_changed":false},"categories":[23],"class_list":["post-397","projekt","type-projekt","status-publish","has-post-thumbnail","hentry","category-film"],"acf":[],"lang":"de","translations":{"de":397,"hu":305},"pll_sync_post":[],"_links":{"self":[{"href":"https:\/\/youniquecommunication.hu\/index.php?rest_route=\/wp\/v2\/projekt\/397","targetHints":{"allow":["GET"]}}],"collection":[{"href":"https:\/\/youniquecommunication.hu\/index.php?rest_route=\/wp\/v2\/projekt"}],"about":[{"href":"https:\/\/youniquecommunication.hu\/index.php?rest_route=\/wp\/v2\/types\/projekt"}],"wp:featuredmedia":[{"embeddable":true,"href":"https:\/\/youniquecommunication.hu\/index.php?rest_route=\/wp\/v2\/media\/327"}],"wp:attachment":[{"href":"https:\/\/youniquecommunication.hu\/index.php?rest_route=%2Fwp%2Fv2%2Fmedia&parent=397"}],"wp:term":[{"taxonomy":"category","embeddable":true,"href":"https:\/\/youniquecommunication.hu\/index.php?rest_route=%2Fwp%2Fv2%2Fcategories&post=397"}],"curies":[{"name":"wp","href":"https:\/\/api.w.org\/{rel}","templated":true}]}}

<p>Manche Aufträge sind besonders bewegend. 3 Generationen des ikonischen Sportwagens, der zu einem Hungarikum geworden ist und die Identität nicht nur eines Unternehmens, sondern auch einer Stadt über viele Jahre geprägt hat.</p>



<p>Filmen auf Fabrikgelände, im Stadtzentrum und außerhalb der Stadt. Mit authentischen, zivilen Protagonisten, die am Ende des Tages zu Profis wurden. Ein straffes Timing, von der Morgendämmerung bis zum wärmenden Sonnenuntergang.</p>



<p>Und eine Stimme, die tiefe Gefühle vermittelt.</p>



<figure class="wp-block-video"><video height="1080" style="aspect-ratio: 1920 / 1080;" width="1920" controls src="https://youniquecommunication.hu/wp-content/uploads/2025/06/AUDI-TT_3gen_HU.mp4"></video></figure>
