{"id":305,"date":"2025-06-12T11:30:20","date_gmt":"2025-06-12T09:30:20","guid":{"rendered":"https:\/\/younique.previsionlab.hu\/?post_type=projekt&#038;p=305"},"modified":"2025-07-07T14:50:52","modified_gmt":"2025-07-07T12:50:52","slug":"3-generacio-audi-tt","status":"publish","type":"projekt","link":"https:\/\/youniquecommunication.hu\/?projekt=3-generacio-audi-tt","title":{"rendered":"3 gener\u00e1ci\u00f3 AUDI TT"},"content":{"rendered":"\n<p>Vannak megb\u00edz\u00e1sok, amik k\u00fcl\u00f6n\u00f6sen meg\u00e9rintenek. 3 gener\u00e1ci\u00f3 az ikonikus sportaut\u00f3b\u00f3l, ami Hungarikumm\u00e1 v\u00e1lt, \u00e9s meghat\u00e1rozta nem csak egy v\u00e1llalat, hanem egy v\u00e1ros identit\u00e1s\u00e1t is hossz\u00fa \u00e9veken kereszt\u00fcl.<\/p>\n\n\n\n<p>Forgat\u00e1s gy\u00e1rter\u00fcleten, belv\u00e1rosban \u00e9s v\u00e1roson k\u00edv\u00fcl. Autentikus, civil szerepl\u0151kkel, akik a forgat\u00e1si nap v\u00e9g\u00e9re profikk\u00e1 v\u00e1ltak. Feszes timing, hajnali dereng\u00e9st\u0151l kezdve a melenget\u0151 naplement\u00e9ig.<\/p>\n\n\n\n<p>\u00c9s egy hang, ami m\u00e9ly \u00e9rzelmeket k\u00f6lcs\u00f6n\u00f6z.<\/p>\n\n\n\n<figure class=\"wp-block-video\"><video height=\"1080\" style=\"aspect-ratio: 1920 \/ 1080;\" width=\"1920\" controls src=\"https:\/\/youniquecommunication.hu\/wp-content\/uploads\/2025\/06\/AUDI-TT_3gen_HU.mp4\"><\/video><\/figure>\n","protected":false},"featured_media":327,"template":"","meta":{"_acf_changed":false},"categories":[5],"class_list":["post-305","projekt","type-projekt","status-publish","has-post-thumbnail","hentry","category-film"],"acf":[],"lang":"hu","translations":{"hu":305,"de":397},"pll_sync_post":[],"_links":{"self":[{"href":"https:\/\/youniquecommunication.hu\/index.php?rest_route=\/wp\/v2\/projekt\/305","targetHints":{"allow":["GET"]}}],"collection":[{"href":"https:\/\/youniquecommunication.hu\/index.php?rest_route=\/wp\/v2\/projekt"}],"about":[{"href":"https:\/\/youniquecommunication.hu\/index.php?rest_route=\/wp\/v2\/types\/projekt"}],"wp:featuredmedia":[{"embeddable":true,"href":"https:\/\/youniquecommunication.hu\/index.php?rest_route=\/wp\/v2\/media\/327"}],"wp:attachment":[{"href":"https:\/\/youniquecommunication.hu\/index.php?rest_route=%2Fwp%2Fv2%2Fmedia&parent=305"}],"wp:term":[{"taxonomy":"category","embeddable":true,"href":"https:\/\/youniquecommunication.hu\/index.php?rest_route=%2Fwp%2Fv2%2Fcategories&post=305"}],"curies":[{"name":"wp","href":"https:\/\/api.w.org\/{rel}","templated":true}]}}

3 generáció AUDI TT

<p>Vannak megbízások, amik különösen megérintenek. 3 generáció az ikonikus sportautóból, ami Hungarikummá vált, és meghatározta nem csak egy vállalat, hanem egy város identitását is hosszú éveken keresztül.</p>



<p>Forgatás gyárterületen, belvárosban és városon kívül. Autentikus, civil szereplőkkel, akik a forgatási nap végére profikká váltak. Feszes timing, hajnali derengéstől kezdve a melengető naplementéig.</p>



<p>És egy hang, ami mély érzelmeket kölcsönöz.</p>



<figure class="wp-block-video"><video height="1080" style="aspect-ratio: 1920 / 1080;" width="1920" controls src="https://youniquecommunication.hu/wp-content/uploads/2025/06/AUDI-TT_3gen_HU.mp4"></video></figure>
