{"id":270,"date":"2025-06-12T10:47:54","date_gmt":"2025-06-12T08:47:54","guid":{"rendered":"https:\/\/younique.previsionlab.hu\/?post_type=projekt&#038;p=270"},"modified":"2025-06-12T12:51:56","modified_gmt":"2025-06-12T10:51:56","slug":"hamu-es-gyemant-audi-hungaria-zrt-eves-jelentes-2023","status":"publish","type":"projekt","link":"https:\/\/youniquecommunication.hu\/?projekt=hamu-es-gyemant-audi-hungaria-zrt-eves-jelentes-2023","title":{"rendered":"Hamu \u00e9s Gy\u00e9m\u00e1nt &#8211; Audi Hungaria Zrt. \u00e9ves jelent\u00e9s 2023"},"content":{"rendered":"\n<p id=\"wnd_TextBlock_5071748270863172_inner_1\">A n\u00e9gykarik\u00e1s gy\u0151ri v\u00e1llalat nagyobb \u00fcgyfeleink k\u00f6z\u00e9 tartozik, akiknek \u00edrott sajt\u00f3term\u00e9kek mellett rendezv\u00e9ny\u00f6sszefoglal\u00f3 filmeket, magyar \u00e9s n\u00e9met interj\u00fakat, PR szpotokat is k\u00e9sz\u00edt\u00fcnk.<\/p>\n\n\n\n<p id=\"wnd_TextBlock_5071748270863172_inner_2\">Magyarorsz\u00e1g legnagyobb aut\u00f3ipari szerepl\u0151je minden \u00e9vben egy magas min\u0151s\u00e9g\u0171 print kiadv\u00e1nyban mutatja be stakeholdereinek \u00fczleti eredm\u00e9nyeit, a v\u00e1llalatot \u00e9rint\u0151 t\u00e9m\u00e1kat \u00e9rdekes storyk keretein bel\u00fcl feldolgozva.<\/p>\n\n\n\n<p id=\"wnd_TextBlock_5071748270863172_inner_3\">T\u00f6bbedik \u00e9ve k\u00e9sz\u00edt\u00fcnk \u00edr\u00e1sokat a kiadv\u00e1nyba, melyek az \u00e9rintett ter\u00fcletek alapos ismeret\u00e9t, felk\u00e9sz\u00fcl\u00e9st, a vezet\u0151 beoszt\u00e1s\u00fa szerepl\u0151kkel nem ritk\u00e1n idegen nyelven k\u00e9sz\u00edtett interj\u00fakat, kreat\u00edv, \u00e1m m\u00e9gis re\u00e1lis gondolatokat, a legmagasabb min\u0151s\u00e9g\u0171 megfogalmaz\u00e1st \u00e9s pontos timing szerinti anyaglead\u00e1st ig\u00e9nyelnek.<\/p>\n\n\n\n<p id=\"wnd_TextBlock_5071748270863172_inner_4\">Cikk\u00fcnkben a k\u00fcls\u0151 szeml\u00e9l\u0151k sz\u00e1m\u00e1ra z\u00e1rt vil\u00e1g kulissz\u00e1i m\u00f6g\u00e9 n\u00e9zt\u00fcnk, megismert\u00fck az elektromos hajt\u00e1sok \u00faj gener\u00e1ci\u00f3j\u00e1nak, a PPE hajt\u00e1soknak a sz\u00fclet\u00e9s\u00e9t, ami t\u00f6bb, magyar-n\u00e9met kooper\u00e1ci\u00f3ban megval\u00f3sul\u00f3 ter\u00fclet, a M\u0171szaki Fejleszt\u00e9s, a K\u00eds\u00e9rleti Motorgy\u00e1rt\u00f3 K\u00f6zpont, a Gy\u00e1rt\u00e1stervez\u00e9s, Gy\u00e1rt\u00e1s \u00e9s a Min\u0151s\u00e9gbiztos\u00edt\u00e1s egy\u00fcttm\u0171k\u00f6d\u00e9s\u00e9nek eredm\u00e9nye.<\/p>\n\n\n\n<figure class=\"wp-block-embed is-type-wp-embed is-provider-audihungaria-2023 wp-block-embed-audihungaria-2023\"><div class=\"wp-block-embed__wrapper\">\n<blockquote class=\"wp-embedded-content\" data-secret=\"9BkQrUgPn7\"><a href=\"https:\/\/audihungaria2023.audiportal.hu\/premium-platform-electric\/\">Premium Platform Electric<\/a><\/blockquote><iframe loading=\"lazy\" class=\"wp-embedded-content\" sandbox=\"allow-scripts\" security=\"restricted\" style=\"position: absolute; visibility: hidden;\" title=\"&#8220;Premium Platform Electric&#8221; &#8212; audihungaria2023\" src=\"https:\/\/audihungaria2023.audiportal.hu\/premium-platform-electric\/embed\/#?secret=kEZRUn2ybj#?secret=9BkQrUgPn7\" data-secret=\"9BkQrUgPn7\" width=\"500\" height=\"282\" frameborder=\"0\" marginwidth=\"0\" marginheight=\"0\" scrolling=\"no\"><\/iframe>\n<\/div><\/figure>\n","protected":false},"featured_media":45,"template":"","meta":{"_acf_changed":false},"categories":[7],"class_list":["post-270","projekt","type-projekt","status-publish","has-post-thumbnail","hentry","category-szovegiras"],"acf":[],"lang":"hu","translations":{"hu":270,"de":402},"pll_sync_post":[],"_links":{"self":[{"href":"https:\/\/youniquecommunication.hu\/index.php?rest_route=\/wp\/v2\/projekt\/270","targetHints":{"allow":["GET"]}}],"collection":[{"href":"https:\/\/youniquecommunication.hu\/index.php?rest_route=\/wp\/v2\/projekt"}],"about":[{"href":"https:\/\/youniquecommunication.hu\/index.php?rest_route=\/wp\/v2\/types\/projekt"}],"wp:featuredmedia":[{"embeddable":true,"href":"https:\/\/youniquecommunication.hu\/index.php?rest_route=\/wp\/v2\/media\/45"}],"wp:attachment":[{"href":"https:\/\/youniquecommunication.hu\/index.php?rest_route=%2Fwp%2Fv2%2Fmedia&parent=270"}],"wp:term":[{"taxonomy":"category","embeddable":true,"href":"https:\/\/youniquecommunication.hu\/index.php?rest_route=%2Fwp%2Fv2%2Fcategories&post=270"}],"curies":[{"name":"wp","href":"https:\/\/api.w.org\/{rel}","templated":true}]}}

Hamu és Gyémánt &#8211; Audi Hungaria Zrt. éves jelentés 2023

<p id="wnd_TextBlock_5071748270863172_inner_1">A négykarikás győri vállalat nagyobb ügyfeleink közé tartozik, akiknek írott sajtótermékek mellett rendezvényösszefoglaló filmeket, magyar és német interjúkat, PR szpotokat is készítünk.</p>



<p id="wnd_TextBlock_5071748270863172_inner_2">Magyarország legnagyobb autóipari szereplője minden évben egy magas minőségű print kiadványban mutatja be stakeholdereinek üzleti eredményeit, a vállalatot érintő témákat érdekes storyk keretein belül feldolgozva.</p>



<p id="wnd_TextBlock_5071748270863172_inner_3">Többedik éve készítünk írásokat a kiadványba, melyek az érintett területek alapos ismeretét, felkészülést, a vezető beosztású szereplőkkel nem ritkán idegen nyelven készített interjúkat, kreatív, ám mégis reális gondolatokat, a legmagasabb minőségű megfogalmazást és pontos timing szerinti anyagleadást igényelnek.</p>



<p id="wnd_TextBlock_5071748270863172_inner_4">Cikkünkben a külső szemlélők számára zárt világ kulisszái mögé néztünk, megismertük az elektromos hajtások új generációjának, a PPE hajtásoknak a születését, ami több, magyar-német kooperációban megvalósuló terület, a Műszaki Fejlesztés, a Kísérleti Motorgyártó Központ, a Gyártástervezés, Gyártás és a Minőségbiztosítás együttműködésének eredménye.</p>



<figure class="wp-block-embed is-type-wp-embed is-provider-audihungaria-2023 wp-block-embed-audihungaria-2023"><div class="wp-block-embed__wrapper">
<blockquote class="wp-embedded-content" data-secret="9BkQrUgPn7"><a href="https://audihungaria2023.audiportal.hu/premium-platform-electric/">Premium Platform Electric</a></blockquote><iframe loading="lazy" class="wp-embedded-content" sandbox="allow-scripts" security="restricted" style="position: absolute; visibility: hidden;" title="&#8220;Premium Platform Electric&#8221; &#8212; audihungaria2023" src="https://audihungaria2023.audiportal.hu/premium-platform-electric/embed/#?secret=kEZRUn2ybj#?secret=9BkQrUgPn7" data-secret="9BkQrUgPn7" width="500" height="282" frameborder="0" marginwidth="0" marginheight="0" scrolling="no"></iframe>
</div></figure>
