{"id":413,"date":"2025-06-27T11:51:44","date_gmt":"2025-06-27T09:51:44","guid":{"rendered":"https:\/\/youniquecommunication.hu\/?page_id=413"},"modified":"2025-06-27T11:53:40","modified_gmt":"2025-06-27T09:53:40","slug":"ueber-uns","status":"publish","type":"page","link":"https:\/\/youniquecommunication.hu\/?page_id=413&lang=de","title":{"rendered":"\u00dcber uns"},"content":{"rendered":"<h1>\n<p class=\"p1\">Warum YOUnique?<\/p>\n<\/h1>\n<p><img decoding=\"async\" src=\"\/wp-content\/uploads\/2025\/06\/Nevtelen-terv-6.png\" alt=\"\"><\/p>\n<div>\n<p class=\"p1\">Weil jeder Mensch einzigartig ist, und D bist es auch! Wir holen diese Einzigartigkeit aus Dir heraus und verwandeln sie in einen Wert.<\/p>\n<p class=\"p1\">Wir k\u00f6nnen keine Pr\u00e4zisionsproduktionslinien bauen oder einrichten, keine Investitionsberatung geben oder uns um die Gesundheit Deiner Mitarbeiter k\u00fcmmern.<\/p>\n<p class=\"p1\">Aber wir k\u00f6nnen in coolen Filmen zeigen, wie gut die neuen Anlagen Deines Unternehmens funktionieren, oder in kreativen Interviews dar\u00fcber berichten, was Du f\u00fcr das Wohlbefinden Deiner Mitarbeiter tust.<\/p>\n<p class=\"p1\">Und nat\u00fcrlich helfen wir Dir, noch viel mehr zu tun, damit Du und Dein Unternehmen sich selbst sein k\u00f6nnen!<\/p>\n<\/p>\n<\/div>\n<div>\n<p class=\"p1\">Wirklich effektive Kommunikation ist <strong>pers\u00f6nlich, authentisch und einzigartig.<\/strong> Wir glauben nicht an Schablonen &#8211; jeder Kunde ist anders, und so stimmen wir jede Kampagne, jede Botschaft und jedes kreative Konzept auf die Marke und die Zielgruppe ab.<\/p>\n<\/div>\n<h2>\n<div>Strategie. Kreativit\u00e4t. Erfolg.<\/div>\n<\/h2>\n<div>\n<p>Eine gute Marketingstrategie ist die Grundlage f\u00fcr den Erfolg, aber sie reicht nicht aus. Sie braucht Kreativit\u00e4t, um sich von der Konkurrenz abzuheben. Wir kombinieren eine pr\u00e4zise Strategie mit wirklich einzigartigen Ideen, um Deine Botschaft nicht nur sichtbar, sondern auch einpr\u00e4gsam zu machen. F\u00fcr das besondere Wow!<\/p>\n<\/div>\n<p><!--more--><br \/>\n<!-- {\"type\":\"layout\",\"children\":[{\"type\":\"section\",\"props\":{\"id\":\"about\",\"image_position\":\"center-center\",\"padding\":\"large\",\"padding_remove_bottom\":false,\"style\":\"default\",\"title_breakpoint\":\"xl\",\"title_position\":\"top-left\",\"title_rotation\":\"left\",\"vertical_align\":\"\",\"width\":\"default\"},\"children\":[{\"type\":\"row\",\"children\":[{\"type\":\"column\",\"props\":{\"image_position\":\"center-center\",\"position_sticky_breakpoint\":\"m\"},\"children\":[{\"type\":\"headline\",\"props\":{\"content\":\"\n\n<p class=\\\"p1\\\">Warum YOUnique?<\\\/p>\",\"margin\":\"default\",\"text_align\":\"center\",\"title_color\":\"background\",\"title_element\":\"h1\",\"title_font_family\":\"primary\",\"title_style\":\"heading-small\"}}]}]},{\"type\":\"row\",\"props\":{\"column_gap\":\"large\",\"layout\":\"1-3,2-3\",\"row_gap\":\"medium\"},\"children\":[{\"type\":\"column\",\"props\":{\"image_position\":\"center-center\",\"position_sticky_breakpoint\":\"m\",\"vertical_align\":\"bottom\",\"width_medium\":\"1-3\"},\"children\":[{\"type\":\"image\",\"props\":{\"image\":\"wp-content\\\/uploads\\\/2025\\\/06\\\/Nevtelen-terv-6.png\",\"image_height\":1920,\"image_svg_color\":\"emphasis\",\"image_width\":1920,\"margin\":\"default\",\"visibility\":\"m\"}}]},{\"type\":\"column\",\"props\":{\"image_position\":\"center-center\",\"position_sticky_breakpoint\":\"m\",\"width_medium\":\"2-3\"},\"children\":[{\"type\":\"text\",\"props\":{\"column_breakpoint\":\"m\",\"content\":\"\n\n<p class=\\\"p1\\\">Weil jeder Mensch einzigartig ist, und D bist es auch! Wir holen diese Einzigartigkeit aus Dir heraus und verwandeln sie in einen Wert.<\\\/p>\\n\n\n<p class=\\\"p1\\\">Wir k\\u00f6nnen keine Pr\\u00e4zisionsproduktionslinien bauen oder einrichten, keine Investitionsberatung geben oder uns um die Gesundheit Deiner Mitarbeiter k\\u00fcmmern.<\\\/p>\\n\n\n<p class=\\\"p1\\\">Aber wir k\\u00f6nnen in coolen Filmen zeigen, wie gut die neuen Anlagen Deines Unternehmens funktionieren, oder in kreativen Interviews dar\\u00fcber berichten, was Du f\\u00fcr das Wohlbefinden Deiner Mitarbeiter tust.<\\\/p>\\n\n\n<p class=\\\"p1\\\">Und nat\\u00fcrlich helfen wir Dir, noch viel mehr zu tun, damit Du und Dein Unternehmen sich selbst sein k\\u00f6nnen!<\\\/p>\\n\n\n<p><\\\/p>\",\"margin\":\"\",\"text_align\":\"left\"}}]}]},{\"type\":\"row\",\"children\":[{\"type\":\"column\",\"props\":{\"image_position\":\"center-center\",\"position_sticky_breakpoint\":\"m\"},\"children\":[{\"type\":\"text\",\"props\":{\"column_breakpoint\":\"m\",\"content\":\"\n\n<p class=\\\"p1\\\">Wirklich effektive Kommunikation ist <strong>pers\\u00f6nlich, authentisch und einzigartig.<\\\/strong> Wir glauben nicht an Schablonen - jeder Kunde ist anders, und so stimmen wir jede Kampagne, jede Botschaft und jedes kreative Konzept auf die Marke und die Zielgruppe ab.<\\\/p>\",\"margin\":\"\",\"text_align\":\"left\"}}]}]}],\"name\":\"About\"},{\"type\":\"section\",\"props\":{\"image_position\":\"center-center\",\"padding_remove_bottom\":false,\"style\":\"muted\",\"title_breakpoint\":\"xl\",\"title_position\":\"top-left\",\"title_rotation\":\"left\",\"vertical_align\":\"\",\"width\":\"large\"},\"children\":[{\"type\":\"row\",\"props\":{\"column_gap\":\"collapse\",\"layout\":\"1-2,1-2\",\"row_gap\":\"collapse\"},\"children\":[{\"type\":\"column\",\"props\":{\"css\":\".el-column {min-height: 350px;}\",\"image\":\"wp-content\\\/uploads\\\/projects-larq-bottle.jpg\",\"image_position\":\"center-center\",\"image_size\":\"cover\",\"image_width\":\"900\",\"padding\":\"xlarge\",\"position_sticky_breakpoint\":\"m\",\"width_medium\":\"1-2\"}},{\"type\":\"column\",\"props\":{\"image_position\":\"center-center\",\"order_first\":\"m\",\"padding\":\"large\",\"position_sticky_breakpoint\":\"m\",\"style\":\"tile-default\",\"width_medium\":\"1-2\"},\"children\":[{\"type\":\"headline\",\"props\":{\"block_align\":\"center\",\"content\":\"\n\n<div>Strategie. Kreativit\\u00e4t. Erfolg.<\\\/div>\",\"maxwidth\":\"large\",\"title_color\":\"background\",\"title_element\":\"h2\",\"title_font_family\":\"primary\",\"title_style\":\"h1\"}},{\"type\":\"text\",\"props\":{\"block_align\":\"center\",\"column_breakpoint\":\"m\",\"content\":\"\n\n<p>Eine gute Marketingstrategie ist die Grundlage f\\u00fcr den Erfolg, aber sie reicht nicht aus. Sie braucht Kreativit\\u00e4t, um sich von der Konkurrenz abzuheben. Wir kombinieren eine pr\\u00e4zise Strategie mit wirklich einzigartigen Ideen, um Deine Botschaft nicht nur sichtbar, sondern auch einpr\\u00e4gsam zu machen. F\\u00fcr das besondere Wow!<\\\/p>\",\"margin\":\"medium\",\"maxwidth\":\"large\"}}]}]}],\"name\":\"CTA\"}],\"version\":\"4.5.11\"} --><\/p>\n","protected":false},"excerpt":{"rendered":"<p>Warum YOUnique? Weil jeder Mensch einzigartig ist, und D bist es auch! Wir holen diese Einzigartigkeit aus Dir heraus und verwandeln sie in einen Wert. Wir k\u00f6nnen keine Pr\u00e4zisionsproduktionslinien bauen oder einrichten, keine Investitionsberatung geben oder uns um die Gesundheit Deiner Mitarbeiter k\u00fcmmern. Aber wir k\u00f6nnen in coolen Filmen zeigen, wie gut die neuen Anlagen [&hellip;]<\/p>\n","protected":false},"author":1,"featured_media":0,"parent":0,"menu_order":0,"comment_status":"closed","ping_status":"closed","template":"","meta":{"_acf_changed":false,"footnotes":""},"class_list":["post-413","page","type-page","status-publish","hentry"],"acf":[],"lang":"de","translations":{"de":413,"hu":82},"pll_sync_post":[],"_links":{"self":[{"href":"https:\/\/youniquecommunication.hu\/index.php?rest_route=\/wp\/v2\/pages\/413","targetHints":{"allow":["GET"]}}],"collection":[{"href":"https:\/\/youniquecommunication.hu\/index.php?rest_route=\/wp\/v2\/pages"}],"about":[{"href":"https:\/\/youniquecommunication.hu\/index.php?rest_route=\/wp\/v2\/types\/page"}],"author":[{"embeddable":true,"href":"https:\/\/youniquecommunication.hu\/index.php?rest_route=\/wp\/v2\/users\/1"}],"replies":[{"embeddable":true,"href":"https:\/\/youniquecommunication.hu\/index.php?rest_route=%2Fwp%2Fv2%2Fcomments&post=413"}],"version-history":[{"count":3,"href":"https:\/\/youniquecommunication.hu\/index.php?rest_route=\/wp\/v2\/pages\/413\/revisions"}],"predecessor-version":[{"id":416,"href":"https:\/\/youniquecommunication.hu\/index.php?rest_route=\/wp\/v2\/pages\/413\/revisions\/416"}],"wp:attachment":[{"href":"https:\/\/youniquecommunication.hu\/index.php?rest_route=%2Fwp%2Fv2%2Fmedia&parent=413"}],"curies":[{"name":"wp","href":"https:\/\/api.w.org\/{rel}","templated":true}]}}