{"id":350,"date":"2025-06-13T07:11:16","date_gmt":"2025-06-13T05:11:16","guid":{"rendered":"https:\/\/younique.previsionlab.hu\/?page_id=350"},"modified":"2025-10-27T07:06:18","modified_gmt":"2025-10-27T06:06:18","slug":"webdesign-3","status":"publish","type":"page","link":"https:\/\/youniquecommunication.hu\/?page_id=350","title":{"rendered":"Webdesign"},"content":{"rendered":"<h1>Webdesign<\/h1>\n<h2>Hat\u00e9kony online jelenl\u00e9t<\/h2>\n<div>\n<p class=\"p1\">A digit\u00e1lis vil\u00e1g rohamos fejl\u0151d\u00e9se megk\u00f6veteli a piaci szerepl\u0151kt\u0151l, hogy online jelenl\u00e9t\u00fcket folyamatosan fejlessz\u00e9k, moderniz\u00e1lj\u00e1k \u00e9s naprak\u00e9szen tarts\u00e1k. A k\u00f6z\u00f6ss\u00e9gi m\u00e9dia fel\u00fcletein, az internetes keres\u0151kben felkelthetj\u00fck az \u00e9rdekl\u0151d\u00e9st term\u00e9keink, szolg\u00e1ltat\u00e1saink ir\u00e1nt, de a hiteles t\u00e1j\u00e9koztat\u00e1s eszk\u00f6ze tov\u00e1bbra is a j\u00f3l fel\u00e9p\u00edtett, informat\u00edv, modern digit\u00e1lis megold\u00e1sokat felvonultat\u00f3 honlap.<\/p>\n<p class=\"p1\">A teljes platform egyedileg ker\u00fcl fejleszt\u00e9sre, nodejs kiszolg\u00e1l\u00f3 \u00e9s nuxtjs framework seg\u00edts\u00e9g\u00e9vel. Minden megold\u00e1s opensource, melyet a fejleszt\u00e9s sor\u00e1n haszn\u00e1lunk, \u00edgy semmilyen licenc vagy egy\u00e9b k\u00f6telezetts\u00e9g nem k\u00f6ti fejleszt\u0151ink kreativit\u00e1s\u00e1t. A haszn\u00e1lt eszk\u00f6z\u00f6k biztos\u00edtj\u00e1k, hogy a webes technol\u00f3gi\u00e1k a legfrissebbek legyenek, valamint minden szolg\u00e1ltat\u00e1s megb\u00edz\u00f3ink tulajdon\u00e1ba ker\u00fclj\u00f6n, \u00edgy az \u00e1ltal\u00e1nos szerverkarbantart\u00e1si k\u00f6lts\u00e9geken t\u00fal tov\u00e1bbi fenntart\u00e1si k\u00f6lts\u00e9gek ne mer\u00fcljenek fel.<\/p>\n<p class=\"p1\">A modern, Nuxt.js alap\u00fa platform gyors \u00e9s interakt\u00edv felhaszn\u00e1l\u00f3i \u00e9lm\u00e9nyt ny\u00fajt. Lehet\u0151v\u00e9 teszi a dinamikus tartalmak \u00e9s reszponz\u00edv elemek integr\u00e1l\u00e1s\u00e1t, jav\u00edtva ezzel az oldallet\u00f6lt\u00e9si sebess\u00e9get \u00e9s a SEO teljes\u00edtm\u00e9nyt.<\/p>\n<\/div>\n<div>\n<div style=\"height: 4px;\" class=\"uk-margin-top uk-background-primary\"><\/div>\n<\/div>\n<h2>Munk\u00e1ink<\/h2>\n<div>\n<\/div>\n<h2>Partnerek<\/h2>\n<ul>\n<li>\n<p>        <img decoding=\"async\" src=\"\/wp-content\/uploads\/2025\/06\/Audi-Logo_2016.svg\" alt=\"\"><\/p>\n<\/li>\n<li>\n<p>        <img decoding=\"async\" src=\"\/wp-content\/uploads\/2025\/06\/image001.png\" alt=\"\"><\/p>\n<\/li>\n<li>\n<p>        <img decoding=\"async\" src=\"\/wp-content\/uploads\/2025\/06\/kardirex-logo-1.webp\" alt=\"\"><\/p>\n<\/li>\n<li>\n<p>        <img decoding=\"async\" src=\"\/wp-content\/uploads\/2025\/06\/Buchl-Logo-hungaria_-01.svg\" alt=\"\"><\/p>\n<\/li>\n<li>\n<p>        <img decoding=\"async\" src=\"\/wp-content\/uploads\/2025\/06\/dein_tax_with_tagline-1.svg\" alt=\"\"><\/p>\n<\/li>\n<li>\n<p>        <img decoding=\"async\" src=\"\/wp-content\/uploads\/2025\/06\/ovarvafa_logo.png\" alt=\"\"><\/p>\n<\/li>\n<\/ul>\n<hr>\n<div>\u00c9rdekes?<br class=\"uk-visible@s\" \/><span class=\"uk-text-primary\">Kapcsol\u00f3djunk!<\/span><\/div>\n<p><p>\n        <a href=\"#\">Kapcsolat<\/a>\n    <\/p>\n<\/p>\n<p><!--more--><br \/>\n<!-- {\"type\":\"layout\",\"children\":[{\"type\":\"section\",\"props\":{\"image_position\":\"center-center\",\"padding\":\"large\",\"padding_remove_bottom\":true,\"padding_remove_top\":false,\"style\":\"default\",\"title_breakpoint\":\"xl\",\"title_position\":\"top-left\",\"title_rotation\":\"left\",\"vertical_align\":\"\",\"width\":\"large\"},\"children\":[{\"type\":\"row\",\"props\":{\"margin\":\"large\"},\"children\":[{\"type\":\"column\",\"props\":{\"image_position\":\"center-center\",\"position_sticky_breakpoint\":\"m\",\"width_medium\":\"1-1\"},\"children\":[{\"type\":\"breadcrumbs\",\"props\":{\"show_current\":true,\"show_home\":true}}]}]},{\"type\":\"row\",\"props\":{\"column_gap\":\"large\",\"margin\":\"xlarge\",\"margin_remove_top\":true},\"children\":[{\"type\":\"column\",\"props\":{\"image_position\":\"center-center\",\"position_sticky_breakpoint\":\"m\"},\"children\":[{\"type\":\"headline\",\"props\":{\"content\":\"Webdesign\",\"margin\":\"medium\",\"title_element\":\"h1\"}},{\"type\":\"headline\",\"props\":{\"content\":\"Hat\\u00e9kony online jelenl\\u00e9t\",\"margin\":\"medium\",\"title_color\":\"background\",\"title_element\":\"h2\"}},{\"type\":\"text\",\"props\":{\"column_breakpoint\":\"m\",\"content\":\"\n\n<p class=\\\"p1\\\">A digit\\u00e1lis vil\\u00e1g rohamos fejl\\u0151d\\u00e9se megk\\u00f6veteli a piaci szerepl\\u0151kt\\u0151l, hogy online jelenl\\u00e9t\\u00fcket folyamatosan fejlessz\\u00e9k, moderniz\\u00e1lj\\u00e1k \\u00e9s naprak\\u00e9szen tarts\\u00e1k. A k\\u00f6z\\u00f6ss\\u00e9gi m\\u00e9dia fel\\u00fcletein, az internetes keres\\u0151kben felkelthetj\\u00fck az \\u00e9rdekl\\u0151d\\u00e9st term\\u00e9keink, szolg\\u00e1ltat\\u00e1saink ir\\u00e1nt, de a hiteles t\\u00e1j\\u00e9koztat\\u00e1s eszk\\u00f6ze tov\\u00e1bbra is a j\\u00f3l fel\\u00e9p\\u00edtett, informat\\u00edv, modern digit\\u00e1lis megold\\u00e1sokat felvonultat\\u00f3 honlap.<\\\/p>\\n\n\n<p class=\\\"p1\\\">A teljes platform egyedileg ker\\u00fcl fejleszt\\u00e9sre, nodejs kiszolg\\u00e1l\\u00f3 \\u00e9s nuxtjs framework seg\\u00edts\\u00e9g\\u00e9vel. Minden megold\\u00e1s opensource, melyet a fejleszt\\u00e9s sor\\u00e1n haszn\\u00e1lunk, \\u00edgy semmilyen licenc vagy egy\\u00e9b k\\u00f6telezetts\\u00e9g nem k\\u00f6ti fejleszt\\u0151ink kreativit\\u00e1s\\u00e1t. A haszn\\u00e1lt eszk\\u00f6z\\u00f6k biztos\\u00edtj\\u00e1k, hogy a webes technol\\u00f3gi\\u00e1k a legfrissebbek legyenek, valamint minden szolg\\u00e1ltat\\u00e1s megb\\u00edz\\u00f3ink tulajdon\\u00e1ba ker\\u00fclj\\u00f6n, \\u00edgy az \\u00e1ltal\\u00e1nos szerverkarbantart\\u00e1si k\\u00f6lts\\u00e9geken t\\u00fal tov\\u00e1bbi fenntart\\u00e1si k\\u00f6lts\\u00e9gek ne mer\\u00fcljenek fel.<\\\/p>\\n\n\n<p class=\\\"p1\\\">A modern, Nuxt.js alap\\u00fa platform gyors \\u00e9s interakt\\u00edv felhaszn\\u00e1l\\u00f3i \\u00e9lm\\u00e9nyt ny\\u00fajt. Lehet\\u0151v\\u00e9 teszi a dinamikus tartalmak \\u00e9s reszponz\\u00edv elemek integr\\u00e1l\\u00e1s\\u00e1t, jav\\u00edtva ezzel az oldallet\\u00f6lt\\u00e9si sebess\\u00e9get \\u00e9s a SEO teljes\\u00edtm\\u00e9nyt.<\\\/p>\",\"margin\":\"large\",\"margin_remove_top\":true,\"text_style\":\"lead\"}}]}]},{\"type\":\"row\",\"props\":{\"layout\":\"1-4,3-4\"},\"children\":[{\"type\":\"column\",\"props\":{\"image_position\":\"center-center\",\"position_sticky_breakpoint\":\"m\",\"width_medium\":\"1-4\"}},{\"type\":\"column\",\"props\":{\"image_position\":\"center-center\",\"padding\":\"none\",\"position_sticky_breakpoint\":\"m\",\"width_medium\":\"3-4\"},\"children\":[{\"type\":\"html\",\"props\":{\"content\":\"\n\n<div style=\\\"height: 4px;\\\" class=\\\"uk-margin-top uk-background-primary\\\"><\\\/div>\"}}]}]}],\"name\":\"About\"},{\"type\":\"section\",\"props\":{\"height\":\"viewport\",\"height_viewport\":55,\"image\":\"wp-content\\\/uploads\\\/2025\\\/06\\\/webdesign.png\",\"image_effect\":\"parallax\",\"image_loading\":true,\"image_parallax_bgy\":\"50,-50\",\"image_parallax_breakpoint\":\"m\",\"image_parallax_easing\":\"1\",\"image_position\":\"center-center\",\"image_size\":\"cover\",\"padding\":\"xlarge\",\"style\":\"default\",\"title_breakpoint\":\"xl\",\"title_position\":\"top-left\",\"title_rotation\":\"left\",\"vertical_align\":\"middle\",\"width\":\"default\"},\"children\":[{\"type\":\"row\",\"children\":[{\"type\":\"column\",\"props\":{\"image_position\":\"center-center\",\"position_sticky_breakpoint\":\"m\",\"width_medium\":\"1-1\"}}]}],\"name\":\"Image\"},{\"type\":\"section\",\"props\":{\"image_position\":\"center-center\",\"padding\":\"large\",\"padding_remove_bottom\":true,\"style\":\"muted\",\"title_breakpoint\":\"xl\",\"title_position\":\"top-left\",\"title_rotation\":\"left\",\"vertical_align\":\"\",\"width\":\"large\"},\"children\":[{\"type\":\"row\",\"children\":[{\"type\":\"column\",\"props\":{\"image_position\":\"center-center\",\"position_sticky_breakpoint\":\"m\",\"width_medium\":\"1-1\"},\"children\":[{\"type\":\"headline\",\"props\":{\"content\":\"Munk\\u00e1ink\",\"title_element\":\"h2\",\"title_style\":\"h3\"}},{\"type\":\"grid\",\"props\":{\"content_column_breakpoint\":\"m\",\"content_margin\":\"medium\",\"filter_align\":\"left\",\"filter_all\":true,\"filter_grid_breakpoint\":\"m\",\"filter_grid_width\":\"auto\",\"filter_position\":\"top\",\"filter_style\":\"tab\",\"grid_default\":\"1\",\"grid_divider\":false,\"grid_masonry\":\"pack\",\"grid_medium\":\"3\",\"grid_row_gap\":\"medium\",\"grid_xlarge\":\"3\",\"icon_width\":80,\"image_align\":\"left\",\"image_grid_breakpoint\":\"m\",\"image_grid_width\":\"auto\",\"image_height\":\"570\",\"image_link\":true,\"image_svg_color\":\"emphasis\",\"image_width\":\"900\",\"item_animation\":true,\"lightbox_bg_close\":true,\"link_margin\":\"medium\",\"link_style\":\"primary\",\"link_target\":false,\"link_text\":\"Megtekint\\u00e9s\",\"margin\":\"medium\",\"meta_align\":\"below-title\",\"meta_element\":\"div\",\"meta_margin\":\"small\",\"meta_style\":\"text-meta\",\"panel_image_no_padding\":true,\"panel_link\":false,\"panel_padding\":\"default\",\"panel_style\":\"card-default\",\"parallax_easing\":\"1\",\"show_content\":true,\"show_hover_image\":true,\"show_hover_video\":true,\"show_image\":true,\"show_link\":true,\"show_meta\":true,\"show_title\":true,\"show_video\":true,\"title_align\":\"top\",\"title_element\":\"h3\",\"title_grid_breakpoint\":\"m\",\"title_grid_width\":\"1-2\",\"title_hover_style\":\"reset\",\"title_link\":true,\"title_style\":\"h2\"},\"children\":[{\"type\":\"grid_item\",\"props\":{\"content\":\"\",\"item_element\":\"article\",\"meta\":\"\"},\"source\":{\"query\":{\"name\":\"projekts.customProjekts\",\"arguments\":{\"terms\":[3],\"category_operator\":\"IN\",\"users\":[],\"users_operator\":\"IN\",\"offset\":0,\"limit\":10,\"order\":\"date\",\"order_direction\":\"DESC\"}},\"props\":{\"title\":{\"name\":\"title\"},\"image\":{\"name\":\"featuredImage.url\"},\"link\":{\"name\":\"link\"}}}}]}]}]}],\"name\":\"Partnerek + munk\\u00e1ink\"},{\"type\":\"section\",\"props\":{\"image_position\":\"center-center\",\"padding\":\"large\",\"padding_remove_bottom\":true,\"style\":\"muted\",\"title_breakpoint\":\"xl\",\"title_position\":\"top-left\",\"title_rotation\":\"left\",\"vertical_align\":\"middle\",\"width\":\"default\"},\"children\":[{\"type\":\"row\",\"props\":{\"layout\":\"1-4,3-4\",\"margin\":\"xlarge\"},\"children\":[{\"type\":\"column\",\"props\":{\"image_position\":\"center-center\",\"position_sticky_breakpoint\":\"m\",\"width_medium\":\"1-4\"},\"children\":[{\"type\":\"headline\",\"props\":{\"content\":\"Partnerek\",\"text_align\":\"left\",\"text_align_breakpoint\":\"m\",\"text_align_fallback\":\"center\",\"title_element\":\"h2\",\"title_style\":\"h3\"}}]},{\"type\":\"column\",\"props\":{\"image_position\":\"center-center\",\"position_sticky_breakpoint\":\"m\",\"width_medium\":\"3-4\"},\"children\":[{\"type\":\"panel-slider\",\"props\":{\"content_column_breakpoint\":\"m\",\"icon_width\":80,\"image_align\":\"top\",\"image_grid_breakpoint\":\"m\",\"image_grid_width\":\"1-2\",\"image_svg_color\":\"emphasis\",\"image_width\":200,\"link_style\":\"default\",\"link_target\":true,\"link_text\":\"\",\"margin\":\"default\",\"meta_align\":\"below-title\",\"meta_element\":\"div\",\"meta_style\":\"text-meta\",\"nav\":\"dotnav\",\"nav_align\":\"center\",\"nav_breakpoint\":\"s\",\"panel_link\":false,\"panel_match\":true,\"parallax_easing\":\"1\",\"show_content\":true,\"show_hover_image\":true,\"show_hover_video\":true,\"show_image\":true,\"show_link\":true,\"show_meta\":true,\"show_title\":true,\"show_video\":true,\"slidenav\":\"outside\",\"slidenav_breakpoint\":\"xl\",\"slidenav_margin\":\"medium\",\"slidenav_outside_breakpoint\":\"xl\",\"slider_autoplay\":true,\"slider_autoplay_interval\":\"5\",\"slider_autoplay_pause\":true,\"slider_gap\":\"default\",\"slider_sets\":false,\"slider_width\":\"fixed\",\"slider_width_default\":\"1-1\",\"slider_width_medium\":\"1-3\",\"text_align\":\"left\",\"text_align_breakpoint\":\"m\",\"text_align_fallback\":\"center\",\"title_align\":\"top\",\"title_element\":\"div\",\"title_grid_breakpoint\":\"m\",\"title_grid_width\":\"1-2\",\"title_hover_style\":\"heading\",\"title_link\":true,\"title_style\":\"h5\"},\"children\":[{\"type\":\"panel-slider_item\",\"props\":{\"image\":\"wp-content\\\/uploads\\\/2025\\\/06\\\/Audi-Logo_2016.svg\",\"title\":\"\"}},{\"type\":\"panel-slider_item\",\"props\":{\"image\":\"wp-content\\\/uploads\\\/2025\\\/06\\\/image001.png\",\"title\":\"\"}},{\"type\":\"panel-slider_item\",\"props\":{\"image\":\"wp-content\\\/uploads\\\/2025\\\/06\\\/kardirex-logo-1.webp\",\"title\":\"\"}},{\"type\":\"panel-slider_item\",\"props\":{\"image\":\"wp-content\\\/uploads\\\/2025\\\/06\\\/Buchl-Logo-hungaria_-01.svg\",\"title\":\"\"}},{\"type\":\"panel-slider_item\",\"props\":{\"image\":\"wp-content\\\/uploads\\\/2025\\\/06\\\/dein_tax_with_tagline-1.svg\",\"title\":\"\"}},{\"type\":\"panel-slider_item\",\"props\":{\"image\":\"wp-content\\\/uploads\\\/2025\\\/06\\\/ovarvafa_logo.png\",\"title\":\"\"}}]}]}]},{\"type\":\"row\",\"props\":{\"margin_remove_top\":true},\"children\":[{\"type\":\"column\",\"props\":{\"image_position\":\"center-center\",\"position_sticky_breakpoint\":\"m\",\"width_medium\":\"1-1\"},\"children\":[{\"type\":\"divider\",\"props\":{\"divider_element\":\"hr\"}}]}]}],\"name\":\"Partnerek log\\u00f3k\"},{\"type\":\"section\",\"props\":{\"image_position\":\"center-center\",\"padding\":\"large\",\"style\":\"muted\",\"title_breakpoint\":\"xl\",\"title_position\":\"top-left\",\"title_rotation\":\"left\",\"vertical_align\":\"\",\"width\":\"large\"},\"children\":[{\"type\":\"row\",\"children\":[{\"type\":\"column\",\"props\":{\"image_position\":\"center-center\",\"position_sticky_breakpoint\":\"m\",\"style\":\"tile-default\",\"width_medium\":\"1-1\"},\"children\":[{\"type\":\"headline\",\"props\":{\"content\":\"\\u00c9rdekes?<br class=\\\"uk-visible@s\\\" \\\/><span class=\\\"uk-text-primary\\\">Kapcsol\\u00f3djunk!<\\\/span>\",\"text_align\":\"center\",\"title_element\":\"div\",\"title_style\":\"h1\"}},{\"type\":\"button\",\"props\":{\"grid_column_gap\":\"small\",\"grid_row_gap\":\"small\",\"margin\":\"default\",\"text_align\":\"center\"},\"children\":[{\"type\":\"button_item\",\"props\":{\"button_style\":\"primary\",\"content\":\"Kapcsolat\",\"dialog_layout\":\"modal\",\"dialog_offcanvas_flip\":true,\"icon_align\":\"left\",\"link\":\"#\"}}]}]}]}],\"name\":\"Call to Action\"}],\"version\":\"4.5.11\"} --><\/p>\n","protected":false},"excerpt":{"rendered":"<p>Webdesign Hat\u00e9kony online jelenl\u00e9t A digit\u00e1lis vil\u00e1g rohamos fejl\u0151d\u00e9se megk\u00f6veteli a piaci szerepl\u0151kt\u0151l, hogy online jelenl\u00e9t\u00fcket folyamatosan fejlessz\u00e9k, moderniz\u00e1lj\u00e1k \u00e9s naprak\u00e9szen tarts\u00e1k. A k\u00f6z\u00f6ss\u00e9gi m\u00e9dia fel\u00fcletein, az internetes keres\u0151kben felkelthetj\u00fck az \u00e9rdekl\u0151d\u00e9st term\u00e9keink, szolg\u00e1ltat\u00e1saink ir\u00e1nt, de a hiteles t\u00e1j\u00e9koztat\u00e1s eszk\u00f6ze tov\u00e1bbra is a j\u00f3l fel\u00e9p\u00edtett, informat\u00edv, modern digit\u00e1lis megold\u00e1sokat felvonultat\u00f3 honlap. A teljes platform egyedileg [&hellip;]<\/p>\n","protected":false},"author":1,"featured_media":0,"parent":0,"menu_order":0,"comment_status":"closed","ping_status":"closed","template":"","meta":{"_acf_changed":false,"footnotes":""},"class_list":["post-350","page","type-page","status-publish","hentry"],"acf":[],"lang":"hu","translations":{"hu":350,"de":469},"pll_sync_post":[],"_links":{"self":[{"href":"https:\/\/youniquecommunication.hu\/index.php?rest_route=\/wp\/v2\/pages\/350","targetHints":{"allow":["GET"]}}],"collection":[{"href":"https:\/\/youniquecommunication.hu\/index.php?rest_route=\/wp\/v2\/pages"}],"about":[{"href":"https:\/\/youniquecommunication.hu\/index.php?rest_route=\/wp\/v2\/types\/page"}],"author":[{"embeddable":true,"href":"https:\/\/youniquecommunication.hu\/index.php?rest_route=\/wp\/v2\/users\/1"}],"replies":[{"embeddable":true,"href":"https:\/\/youniquecommunication.hu\/index.php?rest_route=%2Fwp%2Fv2%2Fcomments&post=350"}],"version-history":[{"count":10,"href":"https:\/\/youniquecommunication.hu\/index.php?rest_route=\/wp\/v2\/pages\/350\/revisions"}],"predecessor-version":[{"id":593,"href":"https:\/\/youniquecommunication.hu\/index.php?rest_route=\/wp\/v2\/pages\/350\/revisions\/593"}],"wp:attachment":[{"href":"https:\/\/youniquecommunication.hu\/index.php?rest_route=%2Fwp%2Fv2%2Fmedia&parent=350"}],"curies":[{"name":"wp","href":"https:\/\/api.w.org\/{rel}","templated":true}]}}